{"id":1645,"date":"2020-05-07T12:51:30","date_gmt":"2020-05-07T12:51:30","guid":{"rendered":"http:\/\/povezanahrvatska.eu\/projekti\/nova-zeljeznicka-pruga-na-dionici-gradec-sveti-ivan-zabno\/"},"modified":"2023-03-24T09:33:38","modified_gmt":"2023-03-24T09:33:38","slug":"nova-zeljeznicka-pruga-na-dionici-gradec-sveti-ivan-zabno","status":"publish","type":"projects","link":"https:\/\/povezanahrvatska.eu\/en\/projekti\/nova-zeljeznicka-pruga-na-dionici-gradec-sveti-ivan-zabno\/","title":{"rendered":"New Railway Line on Section Gradec &#8211; Sveti Ivan \u017dabno"},"content":{"rendered":"\n<div class=\"c-blocks-section-header js-block-section-header\">\n    <div class=\"c-blocks-section-header__inner\">\n                    <h2 class=\"u-a3 c-blocks-section-header__title js-section-title\">\n                Project summary            <\/h2>\n                    <h3 class=\"u-a2 c-blocks-section-header__description\">\n                The project involved the construction of a single-track, non-electrified railway line for the suburban railway traffic.            <\/h3>\n            <\/div>\n<\/div>\n\n\n\n<p>The project involved the construction of a single-track, non-electrified railway line for the suburban railway traffic on the 12,2 km long section, construction of three overpasses, three underpasses and one bridge, three stations (Lubena, Remetinec Kri\u017eeva\u010dki and Haganj), reconstruction of the Gradec and Sveti Ivan \u017dabno station buildings, installation of signalling and telecommunication devices in accordance with the requirements for railway lines of local transport importance, construction of electrical power connections, external and internal lighting and construction of noise protection.<\/p>\n","protected":false},"excerpt":{"rendered":"<p>The project involved the construction of a single-track, non-electrified railway line for the suburban railway traffic on the 12,2 km long section, construction of three overpasses, three underpasses and one bridge, three stations (Lubena, Remetinec Kri\u017eeva\u010dki and Haganj), reconstruction of the Gradec and Sveti Ivan \u017dabno station buildings, installation of signalling and telecommunication devices in [&hellip;]<\/p>\n","protected":false},"featured_media":3243,"template":"","project_type":[56],"phase":[63],"program":[48],"acf":[],"yoast_head":"<!-- This site is optimized with the Yoast SEO plugin v20.6 - https:\/\/yoast.com\/wordpress\/plugins\/seo\/ -->\n<title>New Railway Line on Section Gradec - Sveti Ivan \u017dabno - Povezanahrvatska<\/title>\n<meta name=\"robots\" content=\"index, follow, max-snippet:-1, max-image-preview:large, max-video-preview:-1\" \/>\n<link rel=\"canonical\" href=\"https:\/\/povezanahrvatska.eu\/en\/projekti\/nova-zeljeznicka-pruga-na-dionici-gradec-sveti-ivan-zabno\/\" \/>\n<meta property=\"og:locale\" content=\"en_US\" \/>\n<meta property=\"og:type\" content=\"article\" \/>\n<meta property=\"og:title\" content=\"New Railway Line on Section Gradec - Sveti Ivan \u017dabno - Povezanahrvatska\" \/>\n<meta property=\"og:description\" content=\"The project involved the construction of a single-track, non-electrified railway line for the suburban railway traffic on the 12,2 km long section, construction of three overpasses, three underpasses and one bridge, three stations (Lubena, Remetinec Kri\u017eeva\u010dki and Haganj), reconstruction of the Gradec and Sveti Ivan \u017dabno station buildings, installation of signalling and telecommunication devices in [&hellip;]\" \/>\n<meta property=\"og:url\" content=\"https:\/\/povezanahrvatska.eu\/en\/projekti\/nova-zeljeznicka-pruga-na-dionici-gradec-sveti-ivan-zabno\/\" \/>\n<meta property=\"og:site_name\" content=\"Povezanahrvatska\" \/>\n<meta property=\"article:modified_time\" content=\"2023-03-24T09:33:38+00:00\" \/>\n<meta property=\"og:image\" content=\"https:\/\/povezanahrvatska.eu\/wp-content\/uploads\/2020\/12\/SV_IvanZabno_naslovna-scaled.jpg\" \/>\n\t<meta property=\"og:image:width\" content=\"2560\" \/>\n\t<meta property=\"og:image:height\" content=\"1604\" \/>\n\t<meta property=\"og:image:type\" content=\"image\/jpeg\" \/>\n<meta name=\"twitter:card\" content=\"summary_large_image\" \/>\n<meta name=\"twitter:label1\" content=\"Est. reading time\" \/>\n\t<meta name=\"twitter:data1\" content=\"1 minute\" \/>\n<script type=\"application\/ld+json\" class=\"yoast-schema-graph\">{\"@context\":\"https:\/\/schema.org\",\"@graph\":[{\"@type\":\"WebPage\",\"@id\":\"https:\/\/povezanahrvatska.eu\/en\/projekti\/nova-zeljeznicka-pruga-na-dionici-gradec-sveti-ivan-zabno\/\",\"url\":\"https:\/\/povezanahrvatska.eu\/en\/projekti\/nova-zeljeznicka-pruga-na-dionici-gradec-sveti-ivan-zabno\/\",\"name\":\"New Railway Line on Section Gradec - Sveti Ivan \u017dabno - Povezanahrvatska\",\"isPartOf\":{\"@id\":\"https:\/\/povezanahrvatska.eu\/#website\"},\"datePublished\":\"2020-05-07T12:51:30+00:00\",\"dateModified\":\"2023-03-24T09:33:38+00:00\",\"breadcrumb\":{\"@id\":\"https:\/\/povezanahrvatska.eu\/en\/projekti\/nova-zeljeznicka-pruga-na-dionici-gradec-sveti-ivan-zabno\/#breadcrumb\"},\"inLanguage\":\"en-US\",\"potentialAction\":[{\"@type\":\"ReadAction\",\"target\":[\"https:\/\/povezanahrvatska.eu\/en\/projekti\/nova-zeljeznicka-pruga-na-dionici-gradec-sveti-ivan-zabno\/\"]}]},{\"@type\":\"BreadcrumbList\",\"@id\":\"https:\/\/povezanahrvatska.eu\/en\/projekti\/nova-zeljeznicka-pruga-na-dionici-gradec-sveti-ivan-zabno\/#breadcrumb\",\"itemListElement\":[{\"@type\":\"ListItem\",\"position\":1,\"name\":\"Home\",\"item\":\"https:\/\/povezanahrvatska.eu\/en\/\"},{\"@type\":\"ListItem\",\"position\":2,\"name\":\"Projekti\",\"item\":\"https:\/\/povezanahrvatska.eu\/projekti\/\"},{\"@type\":\"ListItem\",\"position\":3,\"name\":\"New Railway Line on Section Gradec &#8211; Sveti Ivan \u017dabno\"}]},{\"@type\":\"WebSite\",\"@id\":\"https:\/\/povezanahrvatska.eu\/#website\",\"url\":\"https:\/\/povezanahrvatska.eu\/\",\"name\":\"Povezanahrvatska\",\"description\":\"Povezanahrvatska\",\"potentialAction\":[{\"@type\":\"SearchAction\",\"target\":{\"@type\":\"EntryPoint\",\"urlTemplate\":\"https:\/\/povezanahrvatska.eu\/?s={search_term_string}\"},\"query-input\":\"required name=search_term_string\"}],\"inLanguage\":\"en-US\"}]}<\/script>\n<!-- \/ Yoast SEO plugin. -->","yoast_head_json":{"title":"New Railway Line on Section Gradec - Sveti Ivan \u017dabno - Povezanahrvatska","robots":{"index":"index","follow":"follow","max-snippet":"max-snippet:-1","max-image-preview":"max-image-preview:large","max-video-preview":"max-video-preview:-1"},"canonical":"https:\/\/povezanahrvatska.eu\/en\/projekti\/nova-zeljeznicka-pruga-na-dionici-gradec-sveti-ivan-zabno\/","og_locale":"en_US","og_type":"article","og_title":"New Railway Line on Section Gradec - Sveti Ivan \u017dabno - Povezanahrvatska","og_description":"The project involved the construction of a single-track, non-electrified railway line for the suburban railway traffic on the 12,2 km long section, construction of three overpasses, three underpasses and one bridge, three stations (Lubena, Remetinec Kri\u017eeva\u010dki and Haganj), reconstruction of the Gradec and Sveti Ivan \u017dabno station buildings, installation of signalling and telecommunication devices in [&hellip;]","og_url":"https:\/\/povezanahrvatska.eu\/en\/projekti\/nova-zeljeznicka-pruga-na-dionici-gradec-sveti-ivan-zabno\/","og_site_name":"Povezanahrvatska","article_modified_time":"2023-03-24T09:33:38+00:00","og_image":[{"width":2560,"height":1604,"url":"https:\/\/povezanahrvatska.eu\/wp-content\/uploads\/2020\/12\/SV_IvanZabno_naslovna-scaled.jpg","type":"image\/jpeg"}],"twitter_card":"summary_large_image","twitter_misc":{"Est. reading time":"1 minute"},"schema":{"@context":"https:\/\/schema.org","@graph":[{"@type":"WebPage","@id":"https:\/\/povezanahrvatska.eu\/en\/projekti\/nova-zeljeznicka-pruga-na-dionici-gradec-sveti-ivan-zabno\/","url":"https:\/\/povezanahrvatska.eu\/en\/projekti\/nova-zeljeznicka-pruga-na-dionici-gradec-sveti-ivan-zabno\/","name":"New Railway Line on Section Gradec - Sveti Ivan \u017dabno - Povezanahrvatska","isPartOf":{"@id":"https:\/\/povezanahrvatska.eu\/#website"},"datePublished":"2020-05-07T12:51:30+00:00","dateModified":"2023-03-24T09:33:38+00:00","breadcrumb":{"@id":"https:\/\/povezanahrvatska.eu\/en\/projekti\/nova-zeljeznicka-pruga-na-dionici-gradec-sveti-ivan-zabno\/#breadcrumb"},"inLanguage":"en-US","potentialAction":[{"@type":"ReadAction","target":["https:\/\/povezanahrvatska.eu\/en\/projekti\/nova-zeljeznicka-pruga-na-dionici-gradec-sveti-ivan-zabno\/"]}]},{"@type":"BreadcrumbList","@id":"https:\/\/povezanahrvatska.eu\/en\/projekti\/nova-zeljeznicka-pruga-na-dionici-gradec-sveti-ivan-zabno\/#breadcrumb","itemListElement":[{"@type":"ListItem","position":1,"name":"Home","item":"https:\/\/povezanahrvatska.eu\/en\/"},{"@type":"ListItem","position":2,"name":"Projekti","item":"https:\/\/povezanahrvatska.eu\/projekti\/"},{"@type":"ListItem","position":3,"name":"New Railway Line on Section Gradec &#8211; Sveti Ivan \u017dabno"}]},{"@type":"WebSite","@id":"https:\/\/povezanahrvatska.eu\/#website","url":"https:\/\/povezanahrvatska.eu\/","name":"Povezanahrvatska","description":"Povezanahrvatska","potentialAction":[{"@type":"SearchAction","target":{"@type":"EntryPoint","urlTemplate":"https:\/\/povezanahrvatska.eu\/?s={search_term_string}"},"query-input":"required name=search_term_string"}],"inLanguage":"en-US"}]}},"_links":{"self":[{"href":"https:\/\/povezanahrvatska.eu\/en\/wp-json\/wp\/v2\/projects\/1645"}],"collection":[{"href":"https:\/\/povezanahrvatska.eu\/en\/wp-json\/wp\/v2\/projects"}],"about":[{"href":"https:\/\/povezanahrvatska.eu\/en\/wp-json\/wp\/v2\/types\/projects"}],"wp:featuredmedia":[{"embeddable":true,"href":"https:\/\/povezanahrvatska.eu\/en\/wp-json\/wp\/v2\/media\/3243"}],"wp:attachment":[{"href":"https:\/\/povezanahrvatska.eu\/en\/wp-json\/wp\/v2\/media?parent=1645"}],"wp:term":[{"taxonomy":"project_type","embeddable":true,"href":"https:\/\/povezanahrvatska.eu\/en\/wp-json\/wp\/v2\/project_type?post=1645"},{"taxonomy":"phase","embeddable":true,"href":"https:\/\/povezanahrvatska.eu\/en\/wp-json\/wp\/v2\/phase?post=1645"},{"taxonomy":"program","embeddable":true,"href":"https:\/\/povezanahrvatska.eu\/en\/wp-json\/wp\/v2\/program?post=1645"}],"curies":[{"name":"wp","href":"https:\/\/api.w.org\/{rel}","templated":true}]}}

New Railway Line on Section Gradec &#8211; Sveti Ivan Žabno

<div class="c-blocks-section-header js-block-section-header">
    <div class="c-blocks-section-header__inner">
                    <h2 class="u-a3 c-blocks-section-header__title js-section-title">
                Project summary            </h2>
                    <h3 class="u-a2 c-blocks-section-header__description">
                The project involved the construction of a single-track, non-electrified railway line for the suburban railway traffic.            </h3>
            </div>
</div>



<p>The project involved the construction of a single-track, non-electrified railway line for the suburban railway traffic on the 12,2 km long section, construction of three overpasses, three underpasses and one bridge, three stations (Lubena, Remetinec Križevački and Haganj), reconstruction of the Gradec and Sveti Ivan Žabno station buildings, installation of signalling and telecommunication devices in accordance with the requirements for railway lines of local transport importance, construction of electrical power connections, external and internal lighting and construction of noise protection.</p>

<p>The project involved the construction of a single-track, non-electrified railway line for the suburban railway traffic on the 12,2 km long section, construction of three overpasses, three underpasses and one bridge, three stations (Lubena, Remetinec Križevački and Haganj), reconstruction of the Gradec and Sveti Ivan Žabno station buildings, installation of signalling and telecommunication devices in [&hellip;]</p>

<!-- This site is optimized with the Yoast SEO plugin v20.6 - https://yoast.com/wordpress/plugins/seo/ -->
<title>New Railway Line on Section Gradec - Sveti Ivan Žabno - Povezanahrvatska</title>
<meta name="robots" content="index, follow, max-snippet:-1, max-image-preview:large, max-video-preview:-1" />
<link rel="canonical" href="https://povezanahrvatska.eu/en/projekti/nova-zeljeznicka-pruga-na-dionici-gradec-sveti-ivan-zabno/" />
<meta property="og:locale" content="en_US" />
<meta property="og:type" content="article" />
<meta property="og:title" content="New Railway Line on Section Gradec - Sveti Ivan Žabno - Povezanahrvatska" />
<meta property="og:description" content="The project involved the construction of a single-track, non-electrified railway line for the suburban railway traffic on the 12,2 km long section, construction of three overpasses, three underpasses and one bridge, three stations (Lubena, Remetinec Križevački and Haganj), reconstruction of the Gradec and Sveti Ivan Žabno station buildings, installation of signalling and telecommunication devices in [&hellip;]" />
<meta property="og:url" content="https://povezanahrvatska.eu/en/projekti/nova-zeljeznicka-pruga-na-dionici-gradec-sveti-ivan-zabno/" />
<meta property="og:site_name" content="Povezanahrvatska" />
<meta property="article:modified_time" content="2023-03-24T09:33:38+00:00" />
<meta property="og:image" content="https://povezanahrvatska.eu/wp-content/uploads/2020/12/SV_IvanZabno_naslovna-scaled.jpg" />
	<meta property="og:image:width" content="2560" />
	<meta property="og:image:height" content="1604" />
	<meta property="og:image:type" content="image/jpeg" />
<meta name="twitter:card" content="summary_large_image" />
<meta name="twitter:label1" content="Est. reading time" />
	<meta name="twitter:data1" content="1 minute" />
<script type="application/ld+json" class="yoast-schema-graph">{"@context":"https://schema.org","@graph":[{"@type":"WebPage","@id":"https://povezanahrvatska.eu/en/projekti/nova-zeljeznicka-pruga-na-dionici-gradec-sveti-ivan-zabno/","url":"https://povezanahrvatska.eu/en/projekti/nova-zeljeznicka-pruga-na-dionici-gradec-sveti-ivan-zabno/","name":"New Railway Line on Section Gradec - Sveti Ivan Žabno - Povezanahrvatska","isPartOf":{"@id":"https://povezanahrvatska.eu/#website"},"datePublished":"2020-05-07T12:51:30+00:00","dateModified":"2023-03-24T09:33:38+00:00","breadcrumb":{"@id":"https://povezanahrvatska.eu/en/projekti/nova-zeljeznicka-pruga-na-dionici-gradec-sveti-ivan-zabno/#breadcrumb"},"inLanguage":"en-US","potentialAction":[{"@type":"ReadAction","target":["https://povezanahrvatska.eu/en/projekti/nova-zeljeznicka-pruga-na-dionici-gradec-sveti-ivan-zabno/"]}]},{"@type":"BreadcrumbList","@id":"https://povezanahrvatska.eu/en/projekti/nova-zeljeznicka-pruga-na-dionici-gradec-sveti-ivan-zabno/#breadcrumb","itemListElement":[{"@type":"ListItem","position":1,"name":"Home","item":"https://povezanahrvatska.eu/en/"},{"@type":"ListItem","position":2,"name":"Projekti","item":"https://povezanahrvatska.eu/projekti/"},{"@type":"ListItem","position":3,"name":"New Railway Line on Section Gradec &#8211; Sveti Ivan Žabno"}]},{"@type":"WebSite","@id":"https://povezanahrvatska.eu/#website","url":"https://povezanahrvatska.eu/","name":"Povezanahrvatska","description":"Povezanahrvatska","potentialAction":[{"@type":"SearchAction","target":{"@type":"EntryPoint","urlTemplate":"https://povezanahrvatska.eu/?s={search_term_string}"},"query-input":"required name=search_term_string"}],"inLanguage":"en-US"}]}</script>
<!-- / Yoast SEO plugin. -->

New Railway Line on Section Gradec - Sveti Ivan Žabno - Povezanahrvatska

The project involved the construction of a single-track, non-electrified railway line for the suburban railway traffic on the 12,2 km long section, construction of three overpasses, three underpasses and one bridge, three stations (Lubena, Remetinec Križevački and Haganj), reconstruction of the Gradec and Sveti Ivan Žabno station buildings, installation of signalling and telecommunication devices in [&hellip;]
